{"id":631,"date":"2017-06-14T03:51:33","date_gmt":"2017-06-14T03:51:33","guid":{"rendered":"http:\/\/localhost\/construct\/?page_id=631"},"modified":"2019-03-08T11:07:53","modified_gmt":"2019-03-08T14:07:53","slug":"sobre-nos","status":"publish","type":"page","link":"https:\/\/batioli.com\/index.php\/sobre-nos\/","title":{"rendered":"Sobre N\u00f3s"},"content":{"rendered":"<p>[vc_row css=&#8221;.vc_custom_1497846789818{padding-top: 80px !important;padding-bottom: 80px !important;}&#8221;][vc_column]\n    <h2 class=\"text-left\" >Batioli Transportes Pesados<\/h2>\n    \t    <div class=\"wprt-lines style-1 custom-3\">\n\t        <div class=\"line-1\"><\/div>\n\t    <\/div>\n    \n    \t    <div class=\"wprt-spacer\" data-desktop=\"36\" data-mobi=\"30\" data-smobi=\"30\"><\/div>\n\t    <div class=\"wprt-subtitle left\">A Batioli \u00e9 uma empresa de transporte de m\u00e1quinas pesadas, fundada no ano de 2008. Buscamos sempre realizar nossos servi\u00e7os com extrema responsabilidade e seguran\u00e7a, proporcionando a nossos clientes tecnologia e a confiabilidade que esperam.<\/p>\n<p>Al\u00e9m de todos estes cuidados citados, sempre buscamos tamb\u00e9m um trabalho<br \/>\ncom total responsabilidade social e ambiental.<\/p>\n<p>Contamos com especialistas em suas respectivas \u00e1reas de atua\u00e7\u00e3o, e uma frota completa para atender sua demanda e de sua empresa.<\/p>\n<p>N\u00f3s da Batioli ainda temos parcerias com grandes empresas, que nos geram prova de compet\u00eancia e confiabilidade que voc\u00ea espera.<\/div>\n\t    \t\n[vc_empty_space height=&#8221;50px&#8221;][\/vc_column][\/vc_row][vc_row parallax_bg=&#8221;true&#8221; css=&#8221;.vc_custom_1550677931162{padding-top: 120px !important;padding-bottom: 120px !important;background-image: url(https:\/\/batioli.com\/wp-content\/uploads\/2017\/07\/slide2.jpg?id=989) !important;}&#8221;][vc_column width=&#8221;1\/2&#8243;][vc_column_text css=&#8221;.vc_custom_1550677867605{margin-bottom: 0px !important;}&#8221;]<\/p>\n<h3 class=\"text-white font-family-heading font-size-35\">Confira nosso Cat\u00e1logo de M\u00e1quinas, temos tudo que voc\u00ea precisa para o seu neg\u00f3cio.<\/h3>\n<div class=\"margin-top-35\"><a class=\"wprt-button rounded-3px\" href=\"#\">Ver Cat\u00e1logo<\/a><\/div>\n<div class=\"wprt-spacer\" style=\"height: 0px;\" data-desktop=\"0\" data-mobi=\"40\" data-smobi=\"40\"><\/div>\n<p>[\/vc_column_text][\/vc_column][vc_column width=&#8221;1\/2&#8243;][vc_empty_space height=&#8221;30px&#8221;][vc_empty_space height=&#8221;30px&#8221;][\/vc_column][\/vc_row]<\/p>\n","protected":false},"excerpt":{"rendered":"<p>[vc_row css=&#8221;.vc_custom_1497846789818{padding-top: 80px !important;padding-bottom: 80px !important;}&#8221;][vc_column][vc_empty_space height=&#8221;50px&#8221;][\/vc_column][\/vc_row][vc_row parallax_bg=&#8221;true&#8221; css=&#8221;.vc_custom_1550677931162{padding-top: 120px !important;padding-bottom: 120px !important;background-image: url(https:\/\/batioli.com\/wp-content\/uploads\/2017\/07\/slide2.jpg?id=989) !important;}&#8221;][vc_column width=&#8221;1\/2&#8243;][vc_column_text css=&#8221;.vc_custom_1550677867605{margin-bottom: 0px !important;}&#8221;] Confira nosso Cat\u00e1logo de M\u00e1quinas, temos tudo que voc\u00ea precisa para o seu neg\u00f3cio. Ver Cat\u00e1logo [\/vc_column_text][\/vc_column][vc_column width=&#8221;1\/2&#8243;][vc_empty_space height=&#8221;30px&#8221;][vc_empty_space height=&#8221;30px&#8221;][\/vc_column][\/vc_row]<\/p>\n","protected":false},"author":3,"featured_media":0,"parent":0,"menu_order":0,"comment_status":"closed","ping_status":"closed","template":"page-templates\/template-fullwidth.php","meta":{"footnotes":""},"class_list":["post-631","page","type-page","status-publish","hentry"],"_links":{"self":[{"href":"https:\/\/batioli.com\/index.php\/wp-json\/wp\/v2\/pages\/631","targetHints":{"allow":["GET"]}}],"collection":[{"href":"https:\/\/batioli.com\/index.php\/wp-json\/wp\/v2\/pages"}],"about":[{"href":"https:\/\/batioli.com\/index.php\/wp-json\/wp\/v2\/types\/page"}],"author":[{"embeddable":true,"href":"https:\/\/batioli.com\/index.php\/wp-json\/wp\/v2\/users\/3"}],"replies":[{"embeddable":true,"href":"https:\/\/batioli.com\/index.php\/wp-json\/wp\/v2\/comments?post=631"}],"version-history":[{"count":16,"href":"https:\/\/batioli.com\/index.php\/wp-json\/wp\/v2\/pages\/631\/revisions"}],"predecessor-version":[{"id":1258,"href":"https:\/\/batioli.com\/index.php\/wp-json\/wp\/v2\/pages\/631\/revisions\/1258"}],"wp:attachment":[{"href":"https:\/\/batioli.com\/index.php\/wp-json\/wp\/v2\/media?parent=631"}],"curies":[{"name":"wp","href":"https:\/\/api.w.org\/{rel}","templated":true}]}}