{"id":1197,"date":"2019-03-07T10:47:58","date_gmt":"2019-03-07T13:47:58","guid":{"rendered":"https:\/\/batioli.com\/?page_id=1197"},"modified":"2019-03-07T10:49:17","modified_gmt":"2019-03-07T13:49:17","slug":"jlg","status":"publish","type":"page","link":"https:\/\/batioli.com\/index.php\/jlg\/","title":{"rendered":"JLG"},"content":{"rendered":"<p>[vc_row css=&#8221;.vc_custom_1497429195737{padding-top: 80px !important;padding-bottom: 20px !important;}&#8221;][vc_column]\n    <h1 class=\"text-center\" >JLG EQUIPAMENTOS<\/h1>\n    \n        \t\n[vc_empty_space]\t\n\t<div class=\"row\">\n\t\t<div class=\"col-md-3 col-sm-6\">\n\t\t<div class=\"service-item clearfix \">\n\t        <div class=\"thumb\"><a href=\"https:\/\/batioli.com\/index.php\/services\/600a\/\" title=\"Plataforma de Lan\u00e7a Articulada 600A\"><img loading=\"lazy\" decoding=\"async\" width=\"1600\" height=\"1200\" src=\"https:\/\/batioli.com\/wp-content\/uploads\/2019\/03\/600a-gallery-silo.png\" class=\"attachment-post-thumbnail size-post-thumbnail wp-post-image\" alt=\"\" srcset=\"https:\/\/batioli.com\/wp-content\/uploads\/2019\/03\/600a-gallery-silo.png 1600w, https:\/\/batioli.com\/wp-content\/uploads\/2019\/03\/600a-gallery-silo-300x225.png 300w, https:\/\/batioli.com\/wp-content\/uploads\/2019\/03\/600a-gallery-silo-768x576.png 768w, https:\/\/batioli.com\/wp-content\/uploads\/2019\/03\/600a-gallery-silo-1024x768.png 1024w\" sizes=\"auto, (max-width: 1600px) 100vw, 1600px\" \/><\/a><\/div>\n\t        <div class=\"service-item-wrap\">\n\t            <h3 class=\"title font-size-18\"><a href=\"https:\/\/batioli.com\/index.php\/services\/600a\/\">Plataforma de Lan\u00e7a Articulada 600A<\/a><\/h3>\n\t            <div class=\"desc\"><p>As lan\u00e7as articuladas da S\u00e9rie 600 t\u00eam a capacidade de suportar cargas de at\u00e9 454 kg (1.000 lb), contam com o melhor envelope de alcance da sua classe e fornecem um desempenho excelente independente do tipo de trabalho.<\/p>\n<\/div>\n\t            \t\t            <div class=\"link\">\n\t\t                <a href=\"https:\/\/batioli.com\/index.php\/services\/600a\/\" class=\"wprt-button small rounded-3px\">VER M\u00c1QUINA<\/a>\n\t\t            <\/div>\n\t\t        \t        <\/div>\n\t    <\/div>\n\t    <div class=\"wprt-spacer\" data-desktop=\"60\" data-mobi=\"60\" data-smobi=\"60\"><\/div>\n\t<\/div>\n\n\t\t<\/div>\n  \t\n[\/vc_column][\/vc_row]<\/p>\n","protected":false},"excerpt":{"rendered":"<p>[vc_row css=&#8221;.vc_custom_1497429195737{padding-top: 80px !important;padding-bottom: 20px !important;}&#8221;][vc_column][vc_empty_space][\/vc_column][\/vc_row]<\/p>\n","protected":false},"author":3,"featured_media":0,"parent":0,"menu_order":0,"comment_status":"closed","ping_status":"closed","template":"page-templates\/template-fullwidth.php","meta":{"footnotes":""},"class_list":["post-1197","page","type-page","status-publish","hentry"],"_links":{"self":[{"href":"https:\/\/batioli.com\/index.php\/wp-json\/wp\/v2\/pages\/1197","targetHints":{"allow":["GET"]}}],"collection":[{"href":"https:\/\/batioli.com\/index.php\/wp-json\/wp\/v2\/pages"}],"about":[{"href":"https:\/\/batioli.com\/index.php\/wp-json\/wp\/v2\/types\/page"}],"author":[{"embeddable":true,"href":"https:\/\/batioli.com\/index.php\/wp-json\/wp\/v2\/users\/3"}],"replies":[{"embeddable":true,"href":"https:\/\/batioli.com\/index.php\/wp-json\/wp\/v2\/comments?post=1197"}],"version-history":[{"count":2,"href":"https:\/\/batioli.com\/index.php\/wp-json\/wp\/v2\/pages\/1197\/revisions"}],"predecessor-version":[{"id":1204,"href":"https:\/\/batioli.com\/index.php\/wp-json\/wp\/v2\/pages\/1197\/revisions\/1204"}],"wp:attachment":[{"href":"https:\/\/batioli.com\/index.php\/wp-json\/wp\/v2\/media?parent=1197"}],"curies":[{"name":"wp","href":"https:\/\/api.w.org\/{rel}","templated":true}]}}